6. Let y be p(n). Let d(k) = -k**3 - k**2 - k - 9. Determine d(y).
-9
Let g(s) = 9*s - 7. Let y(o) = 2*o - 1. Let w(x) = g(x) - 4*y(x). Calculate w(-4).
-7
Let x(a) be the second derivative of a**5/4 + a**4/12 - a**3/2 - a**2/2 + 4*a. Let h(j) = 6*j**3 + j**2 - 4*j - 2. Let z(w) = -2*h(w) + 3*x(w). What is z(1)?
4
Suppose -3*q = -0*q - 9. Let r = 2 + q. Let o(t) = t**2 - 5*t. Calculate o(r).
0
Let b(n) = -5*n - 5. Let x(g) = -11*g - 10. Let t(i) = 9*b(i) - 4*x(i). What is t(-4)?
-1
Let u(x) = -2*x**3 - 5*x**2 - 2*x - 1. Let d be u(-3). Let s = d + -17. Let l(b) = -b**3 - 4*b**2 - b - 2. Give l(s).
-8
Let u = 8 - -2. Suppose u = -2*i + 2*c, 0*c = 2*i + c + 4. Let a be -1*(21/i - -2). Let j(x) = x**3 - 5*x**2 + 2*x - 4. Determine j(a).
6
Let d(b) = -b**2. Let w(g) = g**2 - 4*g + 8. Let f(k) = -2*d(k) - w(k). Calculate f(-6).
4
Let a(q) = q**2 - 6*q + 3. Let i = 5 + -4. Suppose i - 2 = s. Let p be s/(-2) + (-22)/(-4). Calculate a(p).
3
Let a(t) be the first derivative of -t**4/4 - t**3/3 + t**2/2 - 2*t - 8. Suppose -4*n + 9 = -4*o - 19, -4*n = -20. Determine a(o).
0
Let g(i) = -i**3 + 4*i**2 - 2*i + 2. Let k = -12 - -16. Determine g(k).
-6
Suppose 0*m + 3*m = 2*d, -5*m + 10 = 0. Let l(u) = d*u - u**2 + u - 3*u. Determine l(2).
-2
Let t(h) = 3*h**3 - 81*h**2 - 2*h**3 + h + 75*h**2 - 3. Give t(6).
3
Suppose -2*l + 10 = 4*k - 0*k, -4*k = -5*l - 45. Let n(b) = 6*b - b - 1 + b**2 - 6. Give n(l).
-7
Let l(g) = -2*g - 13 + 8 + g**3 + 0*g - 4*g**2 + 9. Calculate l(3).
-11
Let k(c) = 10*c**2. Suppose 4*f + 5*b = 11 + 8, 3*f = -2*b + 9. What is k(f)?
10
Let z(f) = -2. Let w(p) = p - 1. Let k(u) = -4*w(u) + z(u). What is k(2)?
-6
Let a(k) be the second derivative of -k**5/10 - k**4/12 + k**3/2 + 3*k**2/2 + 5*k. What is a(-2)?
9
Suppose -5*t + p = -12, 4*t - 4*p - p = -3. Suppose 2 + 4 = t*v. Let x(b) = -2*b + 3*b**2 - 1 + 0*b**v + 4*b**2 - 5*b**2. Calculate x(2).
3
Let t(i) be the third derivative of -i**6/120 - i**5/60 + i**4/8 + i**3/2 + 28*i**2. Calculate t(-2).
1
Let c(o) = -o - 3. Let w = 5 + -16. Give c(w).
8
Let z(b) = -3*b + 1. Suppose -3*y - 32 = y. Let u be 2/(-3)*12/y. Let h be (7 + -10)*(-1)/u. Determine z(h).
-8
Let g(l) = -l - l - 5 + 9*l + 4. Let k(z) = 13*z - 1. Let n(s) = 11*g(s) - 6*k(s). What is n(-4)?
-1
Let k(z) = -z + 5. Let y be (0 + 2)/(7/56). Suppose -u = -4*u - 2*j + 20, -2*u - 2*j = -y. Calculate k(u).
1
Let a(b) = -3*b. Let g be a(-3). Let t = g + -6. Let f(j) = -2*j**2 + 2*j + 2. Determine f(t).
-10
Suppose -2*b - 3*s = 5, b + 2*s - 4 = -4*b. Let y(o) = -6*o**2 + o**b - 3 + o**3 + o**2. Determine y(3).
-12
Let n = -3 - -1. Let p(v) = v**2 + 6*v + 4. Let a be p(-4). Let r = n - a. Let s(i) = -4*i + 3. Calculate s(r).
-5
Let j(p) = p**3 + 6*p**2 + 7*p + 6. Let z(n) be the third derivative of -5*n**4/24 - n**3/2 + 3*n**2. Let c be z(-2). Let r = 2 - c. What is j(r)?
-4
Let j(w) be the first derivative of -w**5/20 - w**4/4 + w**3/6 - 5*w**2/2 + 7*w + 7. Let b(c) be the first derivative of j(c). Give b(-4).
7
Let a(u) = 2*u - u - 2*u - 7*u**3 + 1. Let k = 0 + 2. Let q be k/1*(-4)/(-8). Calculate a(q).
-7
Let l(k) = -k**3 + 3*k - 1. Suppose 0 = 3*s + 17 - 26. What is l(s)?
-19
Let m(t) be the third derivative of -11*t**6/120 + t**5/60 - t**3/6 - 2*t**2. Determine m(-1).
11
Suppose 6*y = 2*y. Suppose 0 = 4*s - y*s - 24. Let w(j) = -7*j + 2 + 2*j + 7 + 3*j. Give w(s).
-3
Suppose 3*k - 2*a - 5 - 6 = 0, -3 = -2*k - 3*a. Let n(s) be the first derivative of s + 3 - s**2 + 1/3*s**3. What is n(k)?
4
Suppose 2*y - 12 = -2, -1 = 3*r - 2*y. Let z(x) = -3*x**3 - 2*x**2 - 6*x + 2. Let q(p) = -4*p**3 - p**2 - 7*p + 3. Let c(t) = r*z(t) - 2*q(t). Give c(-3).
3
Let h be (2 + 0 + -7)*(-8)/(-10). Let c(x) = -x**2 - 7*x + 5. Determine c(h).
17
Let p(r) = 3*r**3 - 5*r**2 + 7*r - 4. Let d(g) = -2*g**3 + 3*g**2 - 4*g + 2. Let k(v) = -5*d(v) - 3*p(v). Give k(0).
2
Suppose b = 4*b - 9. Let p(c) = c**2 - 3*c + 1. Give p(b).
1
Let o(p) = p + 1. Let d(m) be the third derivative of m**4/24 + m**3/3 + 3*m**2. Let j(n) = 6*d(n) - 13*o(n). Calculate j(-1).
6
Let x(r) = -r**2 - 4*r + 4. Let h be x(-3). Suppose -h*z + 5*z = 4. Let g(t) = -t**2 + 3*t + 1. Calculate g(z).
-9
Let d(v) be the second derivative of 7/2*v**2 + 0 + 2*v + 1/6*v**3. Calculate d(-5).
2
Let b(h) = h**3 - 2*h**2 - 4*h - 2. Suppose -3*t - 4*z + 2*z + 11 = 0, 4*z - 19 = -5*t. Suppose 4 = -u + t*u + 4*i, -4 = -2*i. Calculate b(u).
-10
Let g(u) = 5*u - 3. Let k(c) = -3*c + 2. Let m(q) = -6*g(q) - 11*k(q). Determine m(4).
8
Let y(q) be the third derivative of q**4/24 - 7*q**3/6 - 8*q**2. Determine y(5).
-2
Let u(q) = -q**3 - 7*q**2 - 2*q + 4. Let m(z) = -2*z**2 + 11. Let l be m(3). Calculate u(l).
18
Let a(h) = 5*h**2 + 9*h - 5. Let w(m) = 4*m**2 + 8*m - 4. Let n(v) = 3*a(v) - 4*w(v). Determine n(-4).
5
Let r(z) = 7*z - 3. Let q be (1*7)/((-10)/20). Let f = q - -16. What is r(f)?
11
Let c(l) = 2 + l**2 - 3 - 28*l + 23*l - 2. Give c(4).
-7
Let h be 7 - (1 - (-3)/3). Let r(g) be the third derivative of -1/12*g**4 + 1/60*g**h + 0*g**3 + g**2 + 0 + 0*g. Give r(2).
0
Let u be 4 + 1 + 0 + -3. Let s(d) = d**3 + d. Let g(z) = 0*z + 4*z - 6 - 7*z**2 + z**3 - 2*z**3. Let a(l) = u*s(l) + g(l). Determine a(6).
-6
Suppose 2*p + p = 5*y + 7, 21 = 5*p + y. Suppose 3*j - 15 = -p*m + 4, j + 3*m = 13. Let r be ((-2)/(-6))/(j/(-9)). Let c(n) = -2*n**2 - 5*n - 3. Give c(r).
-6
Suppose -5 = 5*r + 5*b, -b + 3 + 0 = 3*r. Let v(p) = p + 1. Let o(t) = t + 1. Let x(g) = r*o(g) - 3*v(g). Suppose 6 = 3*l + 15. Calculate x(l).
2
Suppose -4*k - 1 = -5. Let h(c) = -2*c**3 - c + 1. Give h(k).
-2
Suppose -2*n - 5*s - 32 = -5*n, 5*s = n - 24. Suppose -n*z = -z. Let l(a) = -a**2 - 1. Let u(i) = -1. Let d(r) = -l(r) - u(r). Calculate d(z).
2
Let h(c) = -3*c - 1. Let x be (-2)/(-3) + (-48)/18. Let b(l) = l + 1. Let t(p) = -p - 3. Let u be t(-2). Let z(k) = u*h(k) + x*b(k). Give z(2).
1
Let l be (-16)/(-12)*-1*-3. Let t(x) = l - 2 - 1 - 3*x + 1. Determine t(3).
-7
Let r(d) be the first derivative of 3 - 1/3*d**3 - d - 2*d**2. Determine r(-2).
3
Let w(d) = 6 + 4*d + 6 + d - 4*d. Calculate w(-9).
3
Let n(x) = -x**2. Suppose 2*q - 2 = -8. Let h be (4/(-6))/(q/9). Determine n(h).
-4
Suppose 0 = -5*u - 2*l + 29, -2*u - 3*l - 9 = -5*u. Suppose 2*v - 11 = -5*m, m - u*v + 17 = 3. Let d(k) = -5*k + 1 + 0*k - 4*k. Give d(m).
-8
Let n(p) = -7*p. Let m = 9 + -3. Let y(b) = 6*b. Let f(s) = m*y(s) + 5*n(s). Calculate f(-3).
-3
Let a(o) be the first derivative of -o**3/3 - 3*o**2/2 + o + 6. Suppose 0 = -3*c + 2*c + 4*m - 22, -3*c - m - 1 = 0. Calculate a(c).
3
Let u be 1*3/6*4. Suppose -m - u*h + 4 = -2*m, h - 24 = -5*m. Let y(l) = -2*l - 4 + 12 + l. What is y(m)?
4
Let o(g) = -3*g**3 + 3*g**2 + 6*g - 5. Let t(b) = -5*b**3 + 4*b**2 + 9*b - 8. Let c(w) = -8*o(w) + 5*t(w). Calculate c(-2).
-2
Let w(c) be the first derivative of c**6/360 - c**5/20 + c**4/4 - 2*c**3/3 + 1. Let v(p) be the third derivative of w(p). Calculate v(6).
6
Let z = 2 - 4. Let b(g) = -5*g**2 + 6*g + 11. Let a(u) = -3*u**2 + 3*u + 6. Let j(y) = 7*a(y) - 4*b(y). Let h(k) be the first derivative of j(k). Give h(z).
1
Let y be (-3)/(-2 - -2 - 1). Let i(o) = -3 + o - y*o + o - o. Suppose -5*c + 4*k - 37 = 0, c + 3*k = 5*c + 29. Determine i(c).
7
Suppose 7*d = 3*d - 3*z - 30, -d - 3*z - 12 = 0. Let w(c) = 5*c**3 - 13*c**2 - c - 6. Let f(n) = -6*n**3 + 14*n**2 + 7. Let l(r) = 6*f(r) + 7*w(r). Give l(d).
6
Let d(m) = 9*m**3 - 13*m**3 + m + 3*m**2 - 1 + 2*m**3 - 2*m. Let b = 3 + -1. Let v be b/4 + (-3)/(-2). Determine d(v).
-7
Let z be (-24)/30 + (-31)/5. Let s(g) = g + 7. Calculate s(z).
0
Let p(s) be the first derivative of s**4/4 + s**3/3 + s**2/2 - 14*s + 39. Give p(0).
-14
Let p(d) be the third derivative of d**6/30 + d**5/60 - d**4/24 + 3*d**2. Let l be p(1). Let v(o) = -o**2 + 5*o - 1. What is v(l)?
3
Let p = 31 - 26. Let y(i) = 2 - 1 - 3*i + 2*i + 0*i. Determine y(p).
-4
Let h = 55 + -55. Let a(v) be the second derivative of 1/6*v**3 + 1/6*v**4 - 1/2*v**2 + v + h. What is a(-2)?
5
Let s(m) = -m**2 - 11*m - 7. Let q(r) = -r**2 - 10*r - 6. Let k(b) = -7*q(b) + 6*s(b). Let h(p) = p**3 + 4*p**2 - 3*p + 7. Let z be h(-5). What is k(z)?
-3
Let y(r) = -r**2 - 8*r + 10. Let l be y(-9). Let a(m) = m. Let b(o) = 2*o - 4. Let z(d) = l*a(d) - b(d). What is z(0)?
4
Let g(w) = w**2 - 5. Suppos